{"id":1133,"date":"2017-12-01T09:35:48","date_gmt":"2017-12-01T11:35:48","guid":{"rendered":"http:\/\/ipemar.org.br\/site\/?page_id=1133"},"modified":"2018-04-16T14:51:02","modified_gmt":"2018-04-16T17:51:02","slug":"areas-de-atuacao","status":"publish","type":"page","link":"https:\/\/ipemar.org.br\/en\/areas-de-atuacao\/","title":{"rendered":"\u00c1reas de Atua\u00e7\u00e3o"},"content":{"rendered":"<div class=\"wpb-content-wrapper\"><p>[vc_row full_width=&#8221;stretch_row_content_no_spaces&#8221; css_tabs=&#8221;&#8221; css=&#8221;.vc_custom_1523901061323{margin-top: -45px !important;padding-top: 200px !important;padding-bottom: 200px !important;background-image: url(https:\/\/ipemar.org.br\/site\/wp-content\/uploads\/2017\/12\/eduardo-sardinha-ipemar-ilha-grande-7337.jpg?id=1134) !important;background-position: center !important;background-repeat: no-repeat !important;background-size: cover !important;}&#8221;][vc_column][vc_custom_heading text=&#8221;\u00c1reas de Atua\u00e7\u00e3o&#8221; use_theme_fonts=&#8221;yes&#8221; font_container=&#8221;tag:h2|font_size:60|text_align:center|color:%23ffffff&#8221; transform=&#8221;uppercase&#8221; text_shadow=&#8221;shadow6&#8243;][\/vc_column][\/vc_row][vc_row full_width=&#8221;stretch_row&#8221; gap=&#8221;25&#8243; css=&#8221;.vc_custom_1523898394780{background-color: #1498c3 !important;}&#8221;][vc_column width=&#8221;1\/6&#8243;][vc_single_image image=&#8221;1664&#8243; alignment=&#8221;center&#8221;][\/vc_column][vc_column width=&#8221;5\/6&#8243;][vc_column_text css=&#8221;.vc_custom_1523898473366{padding-top: 30px !important;padding-bottom: 30px !important;}&#8221;]<\/p>\n<h3><span style=\"color: #ffffff;\">Pesquisas Marinhas <\/span><\/h3>\n<p><span style=\"color: #ffffff;\">O N\u00facleo de Pesquisas Marinhas desenvolve trabalhos aplicados \u00e0s atividades de maricultura e pesca, tais como: <\/span><br \/>\n<span style=\"color: #ffffff;\">&#8211; Estudo e monitoramento de informa\u00e7\u00f5es oceanogr\u00e1ficas; <\/span><br \/>\n<span style=\"color: #ffffff;\">&#8211; Reprodu\u00e7\u00e3o de organismos marinhos em laborat\u00f3rio; <\/span><br \/>\n<span style=\"color: #ffffff;\">&#8211; Estudos e desenvolvimento de solu\u00e7\u00f5es para cultivo e cria\u00e7\u00e3o de organismos marinhos. <\/span>[\/vc_column_text][\/vc_column][\/vc_row][vc_row full_width=&#8221;stretch_row&#8221; gap=&#8221;25&#8243; css=&#8221;.vc_custom_1523898723414{background-color: #34827e !important;}&#8221;][vc_column width=&#8221;1\/6&#8243;][vc_single_image image=&#8221;1665&#8243; alignment=&#8221;center&#8221;][\/vc_column][vc_column width=&#8221;5\/6&#8243;][vc_column_text css=&#8221;.vc_custom_1523898677141{padding-top: 30px !important;padding-bottom: 30px !important;}&#8221;]<\/p>\n<h3><span style=\"color: #ffffff;\">Tecnologias Ambientais <\/span><\/h3>\n<p><span style=\"color: #ffffff;\">O N\u00facleo de Tecnologias Ambientais tem por objetivo criar solu\u00e7\u00f5es aplicadas a maricultura e a gest\u00e3o ambiental de vilas costeiras, tais como: <\/span><br \/>\n<span style=\"color: #ffffff;\">&#8211; Desenvolvimento de infraestrutura mar\u00edtima;<\/span><br \/>\n<span style=\"color: #ffffff;\">&#8211; Automatiza\u00e7\u00e3o da coleta de dados oceanogr\u00e1ficos;<\/span><br \/>\n<span style=\"color: #ffffff;\">&#8211; Desenvolvimento de sistemas alternativos para tratamento de efluentes; <\/span><br \/>\n<span style=\"color: #ffffff;\">&#8211; Estudos e aplica\u00e7\u00e3o de formas alternativas de energia. <\/span>[\/vc_column_text][\/vc_column][\/vc_row][vc_row full_width=&#8221;stretch_row&#8221; gap=&#8221;25&#8243; css=&#8221;.vc_custom_1523898800356{background-color: #683f52 !important;}&#8221;][vc_column width=&#8221;1\/6&#8243;][vc_single_image image=&#8221;1666&#8243; alignment=&#8221;center&#8221;][\/vc_column][vc_column width=&#8221;5\/6&#8243;][vc_column_text css=&#8221;.vc_custom_1523898772396{padding-top: 30px !important;padding-bottom: 30px !important;}&#8221;]<\/p>\n<h3><span style=\"color: #ffffff;\">Educa\u00e7\u00e3o <\/span><\/h3>\n<p><span style=\"color: #ffffff;\">O N\u00facleo de Educa\u00e7\u00e3o tem por objetivo contribuir com a forma\u00e7\u00e3o de crian\u00e7as, jovens e adultos, tendo como diretrizes tr\u00eas temas balizadores: <\/span><br \/>\n<span style=\"color: #ffffff;\">&#8211; Qualifica\u00e7\u00e3o profissional; <\/span><br \/>\n<span style=\"color: #ffffff;\">&#8211; Sensibiliza\u00e7\u00e3o ambiental;<\/span><br \/>\n<span style=\"color: #ffffff;\">&#8211; Desenvolvimento de formas de express\u00e3o e habilidades art\u00edsticas.<\/span>[\/vc_column_text][\/vc_column][\/vc_row][vc_row full_width=&#8221;stretch_row&#8221; gap=&#8221;25&#8243; css=&#8221;.vc_custom_1523898857356{background-color: #ec4c37 !important;}&#8221;][vc_column width=&#8221;1\/6&#8243;][vc_single_image image=&#8221;1667&#8243; alignment=&#8221;center&#8221;][\/vc_column][vc_column width=&#8221;5\/6&#8243;][vc_column_text css=&#8221;.vc_custom_1523898834001{padding-top: 30px !important;padding-bottom: 30px !important;}&#8221;]<\/p>\n<h3><span style=\"color: #ffffff;\">Cultura <\/span><\/h3>\n<p><span style=\"color: #ffffff;\">O N\u00facleo de Cultura objetiva promover a\u00e7\u00f5es culturais a partir e para as popula\u00e7\u00f5es das vilas costeiras, tais como: <\/span><br \/>\n<span style=\"color: #ffffff;\">&#8211; Estudos das hist\u00f3rias e mem\u00f3rias locais;<\/span><br \/>\n<span style=\"color: #ffffff;\">&#8211; Valoriza\u00e7\u00e3o das formas de ser e fazer locais;<\/span><br \/>\n<span style=\"color: #ffffff;\">&#8211; Produ\u00e7\u00e3o de atividades art\u00edsticas e culturais.<\/span>[\/vc_column_text][\/vc_column][\/vc_row][vc_row full_width=&#8221;stretch_row&#8221; gap=&#8221;25&#8243; css=&#8221;.vc_custom_1523898926660{background-color: #951a36 !important;}&#8221;][vc_column width=&#8221;1\/6&#8243;][vc_single_image image=&#8221;1668&#8243; alignment=&#8221;center&#8221;][\/vc_column][vc_column width=&#8221;5\/6&#8243;][vc_column_text css=&#8221;.vc_custom_1523898951168{padding-top: 30px !important;padding-bottom: 30px !important;}&#8221;]<\/p>\n<h3><span style=\"color: #ffffff;\">Arquitetura e Urbanismo<\/span><\/h3>\n<p><span style=\"color: #ffffff;\">O N\u00facleo de Arquitetura e Urbanismo atua no apoio a organiza\u00e7\u00e3o urbana de vilas costeiras, por meio de a\u00e7\u00f5es tais como:<\/span><br \/>\n<span style=\"color: #ffffff;\">&#8211; Elabora\u00e7\u00e3o de projetos urbano-paisag\u00edsticos para as vilas costeiras;<\/span><br \/>\n<span style=\"color: #ffffff;\">&#8211; Assist\u00eancia t\u00e9cnica gratuita \u00e0s popula\u00e7\u00f5es de baixa renda em vilas costeiras para projeto e constru\u00e7\u00e3o de habita\u00e7\u00e3o de interesse social, por meio da lei 11.888\/2008.<\/span>[\/vc_column_text][\/vc_column][\/vc_row]<\/p>\n<\/div>","protected":false},"excerpt":{"rendered":"<p>[vc_row full_width=&#8221;stretch_row_content_no_spaces&#8221; css_tabs=&#8221;&#8221; css=&#8221;.vc_custom_1523901061323{margin-top: -45px !important;padding-top: 200px !important;padding-bottom: 200px !important;background-image: url(https:\/\/ipemar.org.br\/site\/wp-content\/uploads\/2017\/12\/eduardo-sardinha-ipemar-ilha-grande-7337.jpg?id=1134) !important;background-position: center !important;background-repeat: no-repeat !important;background-size: cover !important;}&#8221;][vc_column][vc_custom_heading text=&#8221;\u00c1reas de Atua\u00e7\u00e3o&#8221; use_theme_fonts=&#8221;yes&#8221; font_container=&#8221;tag:h2|font_size:60|text_align:center|color:%23ffffff&#8221; transform=&#8221;uppercase&#8221; text_shadow=&#8221;shadow6&#8243;][\/vc_column][\/vc_row][vc_row full_width=&#8221;stretch_row&#8221; gap=&#8221;25&#8243; css=&#8221;.vc_custom_1523898394780{background-color: #1498c3 !important;}&#8221;][vc_column [&hellip;]<\/p>\n","protected":false},"author":3,"featured_media":1134,"parent":0,"menu_order":0,"comment_status":"closed","ping_status":"closed","template":"","meta":{"footnotes":""},"class_list":["post-1133","page","type-page","status-publish","has-post-thumbnail","hentry"],"_links":{"self":[{"href":"https:\/\/ipemar.org.br\/en\/wp-json\/wp\/v2\/pages\/1133","targetHints":{"allow":["GET"]}}],"collection":[{"href":"https:\/\/ipemar.org.br\/en\/wp-json\/wp\/v2\/pages"}],"about":[{"href":"https:\/\/ipemar.org.br\/en\/wp-json\/wp\/v2\/types\/page"}],"author":[{"embeddable":true,"href":"https:\/\/ipemar.org.br\/en\/wp-json\/wp\/v2\/users\/3"}],"replies":[{"embeddable":true,"href":"https:\/\/ipemar.org.br\/en\/wp-json\/wp\/v2\/comments?post=1133"}],"version-history":[{"count":31,"href":"https:\/\/ipemar.org.br\/en\/wp-json\/wp\/v2\/pages\/1133\/revisions"}],"predecessor-version":[{"id":1710,"href":"https:\/\/ipemar.org.br\/en\/wp-json\/wp\/v2\/pages\/1133\/revisions\/1710"}],"wp:featuredmedia":[{"embeddable":true,"href":"https:\/\/ipemar.org.br\/en\/wp-json\/wp\/v2\/media\/1134"}],"wp:attachment":[{"href":"https:\/\/ipemar.org.br\/en\/wp-json\/wp\/v2\/media?parent=1133"}],"curies":[{"name":"wp","href":"https:\/\/api.w.org\/{rel}","templated":true}]}}

Áreas de Atuação

<div class="wpb-content-wrapper"><p>[vc_row full_width=&#8221;stretch_row_content_no_spaces&#8221; css_tabs=&#8221;&#8221; css=&#8221;.vc_custom_1523901061323{margin-top: -45px !important;padding-top: 200px !important;padding-bottom: 200px !important;background-image: url(https://ipemar.org.br/site/wp-content/uploads/2017/12/eduardo-sardinha-ipemar-ilha-grande-7337.jpg?id=1134) !important;background-position: center !important;background-repeat: no-repeat !important;background-size: cover !important;}&#8221;][vc_column][vc_custom_heading text=&#8221;Áreas de Atuação&#8221; use_theme_fonts=&#8221;yes&#8221; font_container=&#8221;tag:h2|font_size:60|text_align:center|color:%23ffffff&#8221; transform=&#8221;uppercase&#8221; text_shadow=&#8221;shadow6&#8243;][/vc_column][/vc_row][vc_row full_width=&#8221;stretch_row&#8221; gap=&#8221;25&#8243; css=&#8221;.vc_custom_1523898394780{background-color: #1498c3 !important;}&#8221;][vc_column width=&#8221;1/6&#8243;][vc_single_image image=&#8221;1664&#8243; alignment=&#8221;center&#8221;][/vc_column][vc_column width=&#8221;5/6&#8243;][vc_column_text css=&#8221;.vc_custom_1523898473366{padding-top: 30px !important;padding-bottom: 30px !important;}&#8221;]</p>
<h3><span style="color: #ffffff;">Pesquisas Marinhas </span></h3>
<p><span style="color: #ffffff;">O Núcleo de Pesquisas Marinhas desenvolve trabalhos aplicados às atividades de maricultura e pesca, tais como: </span><br />
<span style="color: #ffffff;">&#8211; Estudo e monitoramento de informações oceanográficas; </span><br />
<span style="color: #ffffff;">&#8211; Reprodução de organismos marinhos em laboratório; </span><br />
<span style="color: #ffffff;">&#8211; Estudos e desenvolvimento de soluções para cultivo e criação de organismos marinhos. </span>[/vc_column_text][/vc_column][/vc_row][vc_row full_width=&#8221;stretch_row&#8221; gap=&#8221;25&#8243; css=&#8221;.vc_custom_1523898723414{background-color: #34827e !important;}&#8221;][vc_column width=&#8221;1/6&#8243;][vc_single_image image=&#8221;1665&#8243; alignment=&#8221;center&#8221;][/vc_column][vc_column width=&#8221;5/6&#8243;][vc_column_text css=&#8221;.vc_custom_1523898677141{padding-top: 30px !important;padding-bottom: 30px !important;}&#8221;]</p>
<h3><span style="color: #ffffff;">Tecnologias Ambientais </span></h3>
<p><span style="color: #ffffff;">O Núcleo de Tecnologias Ambientais tem por objetivo criar soluções aplicadas a maricultura e a gestão ambiental de vilas costeiras, tais como: </span><br />
<span style="color: #ffffff;">&#8211; Desenvolvimento de infraestrutura marítima;</span><br />
<span style="color: #ffffff;">&#8211; Automatização da coleta de dados oceanográficos;</span><br />
<span style="color: #ffffff;">&#8211; Desenvolvimento de sistemas alternativos para tratamento de efluentes; </span><br />
<span style="color: #ffffff;">&#8211; Estudos e aplicação de formas alternativas de energia. </span>[/vc_column_text][/vc_column][/vc_row][vc_row full_width=&#8221;stretch_row&#8221; gap=&#8221;25&#8243; css=&#8221;.vc_custom_1523898800356{background-color: #683f52 !important;}&#8221;][vc_column width=&#8221;1/6&#8243;][vc_single_image image=&#8221;1666&#8243; alignment=&#8221;center&#8221;][/vc_column][vc_column width=&#8221;5/6&#8243;][vc_column_text css=&#8221;.vc_custom_1523898772396{padding-top: 30px !important;padding-bottom: 30px !important;}&#8221;]</p>
<h3><span style="color: #ffffff;">Educação </span></h3>
<p><span style="color: #ffffff;">O Núcleo de Educação tem por objetivo contribuir com a formação de crianças, jovens e adultos, tendo como diretrizes três temas balizadores: </span><br />
<span style="color: #ffffff;">&#8211; Qualificação profissional; </span><br />
<span style="color: #ffffff;">&#8211; Sensibilização ambiental;</span><br />
<span style="color: #ffffff;">&#8211; Desenvolvimento de formas de expressão e habilidades artísticas.</span>[/vc_column_text][/vc_column][/vc_row][vc_row full_width=&#8221;stretch_row&#8221; gap=&#8221;25&#8243; css=&#8221;.vc_custom_1523898857356{background-color: #ec4c37 !important;}&#8221;][vc_column width=&#8221;1/6&#8243;][vc_single_image image=&#8221;1667&#8243; alignment=&#8221;center&#8221;][/vc_column][vc_column width=&#8221;5/6&#8243;][vc_column_text css=&#8221;.vc_custom_1523898834001{padding-top: 30px !important;padding-bottom: 30px !important;}&#8221;]</p>
<h3><span style="color: #ffffff;">Cultura </span></h3>
<p><span style="color: #ffffff;">O Núcleo de Cultura objetiva promover ações culturais a partir e para as populações das vilas costeiras, tais como: </span><br />
<span style="color: #ffffff;">&#8211; Estudos das histórias e memórias locais;</span><br />
<span style="color: #ffffff;">&#8211; Valorização das formas de ser e fazer locais;</span><br />
<span style="color: #ffffff;">&#8211; Produção de atividades artísticas e culturais.</span>[/vc_column_text][/vc_column][/vc_row][vc_row full_width=&#8221;stretch_row&#8221; gap=&#8221;25&#8243; css=&#8221;.vc_custom_1523898926660{background-color: #951a36 !important;}&#8221;][vc_column width=&#8221;1/6&#8243;][vc_single_image image=&#8221;1668&#8243; alignment=&#8221;center&#8221;][/vc_column][vc_column width=&#8221;5/6&#8243;][vc_column_text css=&#8221;.vc_custom_1523898951168{padding-top: 30px !important;padding-bottom: 30px !important;}&#8221;]</p>
<h3><span style="color: #ffffff;">Arquitetura e Urbanismo</span></h3>
<p><span style="color: #ffffff;">O Núcleo de Arquitetura e Urbanismo atua no apoio a organização urbana de vilas costeiras, por meio de ações tais como:</span><br />
<span style="color: #ffffff;">&#8211; Elaboração de projetos urbano-paisagísticos para as vilas costeiras;</span><br />
<span style="color: #ffffff;">&#8211; Assistência técnica gratuita às populações de baixa renda em vilas costeiras para projeto e construção de habitação de interesse social, por meio da lei 11.888/2008.</span>[/vc_column_text][/vc_column][/vc_row]</p>
</div>

<p>[vc_row full_width=&#8221;stretch_row_content_no_spaces&#8221; css_tabs=&#8221;&#8221; css=&#8221;.vc_custom_1523901061323{margin-top: -45px !important;padding-top: 200px !important;padding-bottom: 200px !important;background-image: url(https://ipemar.org.br/site/wp-content/uploads/2017/12/eduardo-sardinha-ipemar-ilha-grande-7337.jpg?id=1134) !important;background-position: center !important;background-repeat: no-repeat !important;background-size: cover !important;}&#8221;][vc_column][vc_custom_heading text=&#8221;Áreas de Atuação&#8221; use_theme_fonts=&#8221;yes&#8221; font_container=&#8221;tag:h2|font_size:60|text_align:center|color:%23ffffff&#8221; transform=&#8221;uppercase&#8221; text_shadow=&#8221;shadow6&#8243;][/vc_column][/vc_row][vc_row full_width=&#8221;stretch_row&#8221; gap=&#8221;25&#8243; css=&#8221;.vc_custom_1523898394780{background-color: #1498c3 !important;}&#8221;][vc_column [&hellip;]</p>
